{"id":344,"date":"2018-02-22T11:02:52","date_gmt":"2018-02-22T11:02:52","guid":{"rendered":"https:\/\/mulherdomundo.com\/?page_id=344"},"modified":"2024-03-05T20:39:50","modified_gmt":"2024-03-05T23:39:50","slug":"our-team","status":"publish","type":"page","link":"https:\/\/mulherdomundo.com\/index.php\/our-team\/","title":{"rendered":"Mulheres do Mundo"},"content":{"rendered":"\t\t<div data-elementor-type=\"wp-post\" data-elementor-id=\"344\" class=\"elementor elementor-344\">\n\t\t\t\t\t\t<section class=\"elementor-section elementor-top-section elementor-element elementor-element-c45c80c elementor-section-justified elementor-section-boxed elementor-section-height-default elementor-section-height-default\" data-id=\"c45c80c\" data-element_type=\"section\">\n\t\t\t\t\t\t<div class=\"elementor-container elementor-column-gap-extended\">\n\t\t\t\t\t<div class=\"elementor-column elementor-col-100 elementor-top-column elementor-element elementor-element-9e32a1e sc_layouts_column_icons_position_left\" data-id=\"9e32a1e\" data-element_type=\"column\">\n\t\t\t<div class=\"elementor-widget-wrap elementor-element-populated\">\n\t\t\t\t\t\t<div class=\"elementor-element elementor-element-6b53989 elementor-widget elementor-widget-trx_sc_layouts\" data-id=\"6b53989\" data-element_type=\"widget\" data-widget_type=\"trx_sc_layouts.default\">\n\t\t\t\t<div class=\"elementor-widget-container\">\n\t\t\t<div  id=\"trx_sc_layouts_1875770134\"\t\tclass=\"sc_layouts sc_layouts_default sc_layouts_1026\"><style>.elementor-1026 .elementor-element.elementor-element-4bbc3f49 > .elementor-container > .elementor-column > .elementor-widget-wrap{align-content:center;align-items:center;}.elementor-1026 .elementor-element.elementor-element-8112bc2 > .elementor-widget-wrap > .elementor-widget:not(.elementor-widget__width-auto):not(.elementor-widget__width-initial):not(:last-child):not(.elementor-absolute){margin-bottom:0px;}.elementor-1026 .elementor-element.elementor-element-1d14cf27{--spacer-size:50px;}.elementor-1026 .elementor-element.elementor-element-7264a2b9{--spacer-size:40px;}.elementor-1026 .elementor-element.elementor-element-e963925{text-align:right;}.elementor-1026 .elementor-element.elementor-element-e963925 > .elementor-widget-container{margin:131px 0px 0px 0px;}@media(min-width:768px){.elementor-1026 .elementor-element.elementor-element-8112bc2{width:51%;}.elementor-1026 .elementor-element.elementor-element-2c7a3460{width:89.953%;}.elementor-1026 .elementor-element.elementor-element-1eda1553{width:10.057%;}.elementor-1026 .elementor-element.elementor-element-45d6d5cf{width:49%;}}@media(max-width:1024px){.elementor-1026 .elementor-element.elementor-element-1d14cf27{--spacer-size:0px;}.elementor-1026 .elementor-element.elementor-element-7264a2b9{--spacer-size:0px;}}@media(max-width:767px){.elementor-1026 .elementor-element.elementor-element-1d14cf27{--spacer-size:0px;}.elementor-1026 .elementor-element.elementor-element-7264a2b9{--spacer-size:20px;}.elementor-1026 .elementor-element.elementor-element-e963925 > .elementor-widget-container{margin:0px 6px 6px 6px;}}<\/style>\t\t<div data-elementor-type=\"wp-post\" data-elementor-id=\"1026\" class=\"elementor elementor-1026\">\n\t\t\t\t\t\t<section class=\"elementor-section elementor-top-section elementor-element elementor-element-4bbc3f49 elementor-section-content-middle elementor-section-justified elementor-section-boxed elementor-section-height-default elementor-section-height-default\" data-id=\"4bbc3f49\" data-element_type=\"section\">\n\t\t\t\t\t\t<div class=\"elementor-container elementor-column-gap-extended\">\n\t\t\t\t\t<div class=\"elementor-column elementor-col-50 elementor-top-column elementor-element elementor-element-8112bc2 sc_layouts_column_icons_position_left\" data-id=\"8112bc2\" data-element_type=\"column\">\n\t\t\t<div class=\"elementor-widget-wrap elementor-element-populated\">\n\t\t\t\t\t\t<div class=\"elementor-element elementor-element-1d14cf27 elementor-widget elementor-widget-spacer\" data-id=\"1d14cf27\" data-element_type=\"widget\" data-widget_type=\"spacer.default\">\n\t\t\t\t<div class=\"elementor-widget-container\">\n\t\t\t\t\t<div class=\"elementor-spacer\">\n\t\t\t<div class=\"elementor-spacer-inner\"><\/div>\n\t\t<\/div>\n\t\t\t\t<\/div>\n\t\t\t\t<\/div>\n\t\t\t\t<section class=\"elementor-section elementor-inner-section elementor-element elementor-element-c062eae elementor-section-boxed elementor-section-height-default elementor-section-height-default\" data-id=\"c062eae\" data-element_type=\"section\">\n\t\t\t\t\t\t<div class=\"elementor-container elementor-column-gap-no\">\n\t\t\t\t\t<div class=\"elementor-column elementor-col-50 elementor-inner-column elementor-element elementor-element-2c7a3460 sc_layouts_column_icons_position_left\" data-id=\"2c7a3460\" data-element_type=\"column\">\n\t\t\t<div class=\"elementor-widget-wrap elementor-element-populated\">\n\t\t\t\t\t\t<div class=\"elementor-element elementor-element-cf8c87a elementor-widget elementor-widget-trx_sc_title\" data-id=\"cf8c87a\" data-element_type=\"widget\" data-widget_type=\"trx_sc_title.default\">\n\t\t\t\t<div class=\"elementor-widget-container\">\n\t\t\t<div id=\"trx_sc_title_1596821460\"\r\n\t\tclass=\"sc_title color_style_default sc_title_default\"><h6 class=\"sc_item_subtitle sc_title_subtitle sc_align_none sc_item_title_style_default\">Sejam bem vindos<\/h6><h1 class=\"sc_item_title sc_title_title sc_align_none sc_item_title_style_default sc_item_title_tag\">O coletivo<\/h1><div class=\"sc_item_descr sc_title_descr sc_align_none\"><blockquote><p>\"O Coletivo Mulher do Mundo nasceu da uni\u00e3o de mulheres artistas circenses com o objetivo de abordar quest\u00f5es fundamentais das viv\u00eancias femininas no mundo. \u00c9 formado por mulheres, artistas, filhas, m\u00e3es e empreendedoras, que como tantas mulheres do mundo, precisam lutar -aqui por meio da arte-por voz, espa\u00e7o, respeito e equidade de g\u00eanero. \"<\/p><\/blockquote>\n<\/div><\/div><!-- \/.sc_title -->\t\t<\/div>\n\t\t\t\t<\/div>\n\t\t\t\t\t<\/div>\n\t\t<\/div>\n\t\t\t\t<div class=\"elementor-column elementor-col-50 elementor-inner-column elementor-element elementor-element-1eda1553 sc_layouts_column_icons_position_left\" data-id=\"1eda1553\" data-element_type=\"column\">\n\t\t\t<div class=\"elementor-widget-wrap\">\n\t\t\t\t\t\t\t<\/div>\n\t\t<\/div>\n\t\t\t\t\t<\/div>\n\t\t<\/section>\n\t\t\t\t<div class=\"elementor-element elementor-element-7264a2b9 elementor-widget elementor-widget-spacer\" data-id=\"7264a2b9\" data-element_type=\"widget\" data-widget_type=\"spacer.default\">\n\t\t\t\t<div class=\"elementor-widget-container\">\n\t\t\t\t\t<div class=\"elementor-spacer\">\n\t\t\t<div class=\"elementor-spacer-inner\"><\/div>\n\t\t<\/div>\n\t\t\t\t<\/div>\n\t\t\t\t<\/div>\n\t\t\t\t\t<\/div>\n\t\t<\/div>\n\t\t\t\t<div class=\"elementor-column elementor-col-50 elementor-top-column elementor-element elementor-element-45d6d5cf sc_layouts_column_icons_position_left\" data-id=\"45d6d5cf\" data-element_type=\"column\">\n\t\t\t<div class=\"elementor-widget-wrap elementor-element-populated\">\n\t\t\t\t\t\t<div class=\"elementor-element elementor-element-e963925 elementor-widget elementor-widget-image\" data-id=\"e963925\" data-element_type=\"widget\" data-widget_type=\"image.default\">\n\t\t\t\t<div class=\"elementor-widget-container\">\n\t\t\t\t\t\t\t\t\t\t\t\t\t<img fetchpriority=\"high\" decoding=\"async\" width=\"2048\" height=\"1152\" src=\"https:\/\/mulherdomundo.com\/wp-content\/uploads\/2018\/03\/IMG_5274.jpg\" class=\"attachment-full size-full wp-image-2143\" alt=\"\" srcset=\"https:\/\/mulherdomundo.com\/wp-content\/uploads\/2018\/03\/IMG_5274.jpg 2048w, https:\/\/mulherdomundo.com\/wp-content\/uploads\/2018\/03\/IMG_5274-300x169.jpg 300w, https:\/\/mulherdomundo.com\/wp-content\/uploads\/2018\/03\/IMG_5274-1024x576.jpg 1024w, https:\/\/mulherdomundo.com\/wp-content\/uploads\/2018\/03\/IMG_5274-768x432.jpg 768w, https:\/\/mulherdomundo.com\/wp-content\/uploads\/2018\/03\/IMG_5274-1536x864.jpg 1536w, https:\/\/mulherdomundo.com\/wp-content\/uploads\/2018\/03\/IMG_5274-370x208.jpg 370w, https:\/\/mulherdomundo.com\/wp-content\/uploads\/2018\/03\/IMG_5274-842x474.jpg 842w, https:\/\/mulherdomundo.com\/wp-content\/uploads\/2018\/03\/IMG_5274-406x228.jpg 406w, https:\/\/mulherdomundo.com\/wp-content\/uploads\/2018\/03\/IMG_5274-812x457.jpg 812w, https:\/\/mulherdomundo.com\/wp-content\/uploads\/2018\/03\/IMG_5274-600x338.jpg 600w, https:\/\/mulherdomundo.com\/wp-content\/uploads\/2018\/03\/IMG_5274-270x152.jpg 270w\" sizes=\"(max-width: 2048px) 100vw, 2048px\" \/>\t\t\t\t\t\t\t\t\t\t\t\t\t<\/div>\n\t\t\t\t<\/div>\n\t\t\t\t\t<\/div>\n\t\t<\/div>\n\t\t\t\t\t<\/div>\n\t\t<\/section>\n\t\t\t\t<\/div>\n\t\t<\/div>\t\t<\/div>\n\t\t\t\t<\/div>\n\t\t\t\t\t<\/div>\n\t\t<\/div>\n\t\t\t\t\t<\/div>\n\t\t<\/section>\n\t\t\t\t<section class=\"elementor-section elementor-top-section elementor-element elementor-element-c3c2cb5 elementor-section-justified elementor-section-boxed elementor-section-height-default elementor-section-height-default\" data-id=\"c3c2cb5\" data-element_type=\"section\">\n\t\t\t\t\t\t<div class=\"elementor-container elementor-column-gap-extended\">\n\t\t\t\t\t<div class=\"elementor-column elementor-col-100 elementor-top-column elementor-element elementor-element-1aba243 sc_layouts_column_icons_position_left\" data-id=\"1aba243\" data-element_type=\"column\">\n\t\t\t<div class=\"elementor-widget-wrap elementor-element-populated\">\n\t\t\t\t\t\t<div class=\"elementor-element elementor-element-8d84823 elementor-widget elementor-widget-trx_sc_team\" data-id=\"8d84823\" data-element_type=\"widget\" data-widget_type=\"trx_sc_team.default\">\n\t\t\t\t<div class=\"elementor-widget-container\">\n\t\t\t<div  id=\"trx_sc_team_350283495\"\t\tclass=\"sc_team color_style_default sc_team_default\"><h6 class=\"sc_item_subtitle sc_team_subtitle sc_align_none sc_item_title_style_default\">Conhe\u00e7a<\/h6><h2 class=\"sc_item_title sc_team_title sc_align_none sc_item_title_style_default\">As Integrantes<\/h2><div class=\"sc_team_columns_wrap sc_item_columns sc_item_posts_container trx_addons_columns_wrap columns_padding_bottom\"><div class=\"trx_addons_column-1_4\"><div class=\"sc_team_item no_links post-2252 cpt_team type-cpt_team status-publish has-post-thumbnail hentry\">\n\t<div class=\"post_featured with_thumb hover_ sc_team_item_thumb\"><img decoding=\"async\" width=\"406\" height=\"467\" src=\"https:\/\/mulherdomundo.com\/wp-content\/uploads\/2024\/02\/Carol-Dantas-2023-22-1-406x467.jpg\" class=\"attachment-ostende-thumb-extra-big size-ostende-thumb-extra-big wp-post-image\" alt=\"Isadora Dias\" \/><a href=\"https:\/\/mulherdomundo.com\/index.php\/team\/isadora-dias\/\" aria-hidden=\"true\" class=\"icons\"><\/a><\/div>\t<div class=\"sc_team_item_info\">\n\t\t<div class=\"sc_team_item_header\">\n\t\t\t<h4 class=\"sc_team_item_title\"><a href=\"https:\/\/mulherdomundo.com\/index.php\/team\/isadora-dias\/\">Isadora Dias<\/a><\/h4>\n\t\t\t<div class=\"sc_team_item_subtitle\">Artista<\/div>\n\t\t<\/div>\n\t\t<div class=\"sc_team_item_socials socials_wrap\"><a target=\"_blank\" href=\"https:\/\/www.instagram.com\/isadoradns?utm_source=ig_web_button_share_sheet&#038;igsh=ZDNlZDc0MzIxNw==\" class=\"social_item social_item_style_icons social_item_type_icons\"><span class=\"social_icon social_icon_instagram\"><span class=\"icon-instagram\"><\/span><\/span><\/a><\/div><\/div>\n<\/div><\/div><div class=\"trx_addons_column-1_4\"><div class=\"sc_team_item no_links post-2247 cpt_team type-cpt_team status-publish has-post-thumbnail hentry\">\n\t<div class=\"post_featured with_thumb hover_ sc_team_item_thumb\"><img decoding=\"async\" width=\"406\" height=\"467\" src=\"https:\/\/mulherdomundo.com\/wp-content\/uploads\/2024\/02\/Carol-Dantas-2023-13-406x467.jpg\" class=\"attachment-ostende-thumb-extra-big size-ostende-thumb-extra-big wp-post-image\" alt=\"Nawa Pey\" \/><a href=\"https:\/\/mulherdomundo.com\/index.php\/team\/nawa-pey\/\" aria-hidden=\"true\" class=\"icons\"><\/a><\/div>\t<div class=\"sc_team_item_info\">\n\t\t<div class=\"sc_team_item_header\">\n\t\t\t<h4 class=\"sc_team_item_title\"><a href=\"https:\/\/mulherdomundo.com\/index.php\/team\/nawa-pey\/\">Nawa Pey<\/a><\/h4>\n\t\t\t<div class=\"sc_team_item_subtitle\">Artista<\/div>\n\t\t<\/div>\n\t\t<div class=\"sc_team_item_socials socials_wrap\"><a target=\"_blank\" href=\"https:\/\/www.instagram.com\/nawa.pey\" class=\"social_item social_item_style_icons social_item_type_icons\"><span class=\"social_icon social_icon_instagram\"><span class=\"icon-instagram\"><\/span><\/span><\/a><\/div><\/div>\n<\/div><\/div><div class=\"trx_addons_column-1_4\"><div class=\"sc_team_item no_links post-2245 cpt_team type-cpt_team status-publish has-post-thumbnail hentry\">\n\t<div class=\"post_featured with_thumb hover_ sc_team_item_thumb\"><img loading=\"lazy\" decoding=\"async\" width=\"406\" height=\"467\" src=\"https:\/\/mulherdomundo.com\/wp-content\/uploads\/2024\/02\/Foto-Carol-Dantas-406x467.jpg\" class=\"attachment-ostende-thumb-extra-big size-ostende-thumb-extra-big wp-post-image\" alt=\"Allana Matos\" \/><a href=\"https:\/\/mulherdomundo.com\/index.php\/team\/allana-matos\/\" aria-hidden=\"true\" class=\"icons\"><\/a><\/div>\t<div class=\"sc_team_item_info\">\n\t\t<div class=\"sc_team_item_header\">\n\t\t\t<h4 class=\"sc_team_item_title\"><a href=\"https:\/\/mulherdomundo.com\/index.php\/team\/allana-matos\/\">Allana Matos<\/a><\/h4>\n\t\t\t<div class=\"sc_team_item_subtitle\">Artista<\/div>\n\t\t<\/div>\n\t\t<div class=\"sc_team_item_socials socials_wrap\"><a target=\"_blank\" href=\"https:\/\/www.instagram.com\/circa.lana?utm_source=ig_web_button_share_sheet&#038;igsh=ZDNlZDc0MzIxNw==\" class=\"social_item social_item_style_icons social_item_type_icons\"><span class=\"social_icon social_icon_instagram\"><span class=\"icon-instagram\"><\/span><\/span><\/a><\/div><\/div>\n<\/div><\/div><div class=\"trx_addons_column-1_4\"><div class=\"sc_team_item no_links post-280 cpt_team type-cpt_team status-publish has-post-thumbnail hentry\">\n\t<div class=\"post_featured with_thumb hover_ sc_team_item_thumb\"><img loading=\"lazy\" decoding=\"async\" width=\"406\" height=\"467\" src=\"https:\/\/mulherdomundo.com\/wp-content\/uploads\/2024\/02\/Carol-Dantas-406x467.jpg\" class=\"attachment-ostende-thumb-extra-big size-ostende-thumb-extra-big wp-post-image\" alt=\"Mariana Camargo\" \/><a href=\"https:\/\/mulherdomundo.com\/index.php\/team\/mariana-camargo\/\" aria-hidden=\"true\" class=\"icons\"><\/a><\/div>\t<div class=\"sc_team_item_info\">\n\t\t<div class=\"sc_team_item_header\">\n\t\t\t<h4 class=\"sc_team_item_title\"><a href=\"https:\/\/mulherdomundo.com\/index.php\/team\/mariana-camargo\/\">Mariana Camargo<\/a><\/h4>\n\t\t\t<div class=\"sc_team_item_subtitle\">Artista<\/div>\n\t\t<\/div>\n\t\t<div class=\"sc_team_item_socials socials_wrap\"><a target=\"_blank\" href=\"https:\/\/www.instagram.com\/maricamargotpf?utm_source=ig_web_button_share_sheet&#038;igsh=ZDNlZDc0MzIxNw==\" class=\"social_item social_item_style_icons social_item_type_icons\"><span class=\"social_icon social_icon_instagram\"><span class=\"icon-instagram\"><\/span><\/span><\/a><\/div><\/div>\n<\/div><\/div><\/div><\/div><!-- \/.sc_team -->\t\t<\/div>\n\t\t\t\t<\/div>\n\t\t\t\t\t<\/div>\n\t\t<\/div>\n\t\t\t\t\t<\/div>\n\t\t<\/section>\n\t\t\t\t<\/div>\n\t\t","protected":false},"excerpt":{"rendered":"<p>Sejam bem vindos O coletivo &#8220;O Coletivo Mulher do Mundo \u00e9 uma iniciativa inspiradora que nasceu em 2017, da uni\u00e3o de mulheres artistas circenses de Bras\u00edlia. Com o objetivo de abordar quest\u00f5es fundamentais das viv\u00eancias&hellip;<\/p>\n","protected":false},"author":1,"featured_media":0,"parent":0,"menu_order":0,"comment_status":"closed","ping_status":"closed","template":"","meta":{"footnotes":""},"_links":{"self":[{"href":"https:\/\/mulherdomundo.com\/index.php\/wp-json\/wp\/v2\/pages\/344"}],"collection":[{"href":"https:\/\/mulherdomundo.com\/index.php\/wp-json\/wp\/v2\/pages"}],"about":[{"href":"https:\/\/mulherdomundo.com\/index.php\/wp-json\/wp\/v2\/types\/page"}],"author":[{"embeddable":true,"href":"https:\/\/mulherdomundo.com\/index.php\/wp-json\/wp\/v2\/users\/1"}],"replies":[{"embeddable":true,"href":"https:\/\/mulherdomundo.com\/index.php\/wp-json\/wp\/v2\/comments?post=344"}],"version-history":[{"count":22,"href":"https:\/\/mulherdomundo.com\/index.php\/wp-json\/wp\/v2\/pages\/344\/revisions"}],"predecessor-version":[{"id":2592,"href":"https:\/\/mulherdomundo.com\/index.php\/wp-json\/wp\/v2\/pages\/344\/revisions\/2592"}],"wp:attachment":[{"href":"https:\/\/mulherdomundo.com\/index.php\/wp-json\/wp\/v2\/media?parent=344"}],"curies":[{"name":"wp","href":"https:\/\/api.w.org\/{rel}","templated":true}]}}